49592.
2, 6199
List the prime factors of 13887.
3, 1543
List the prime factors of 776149.
11, 37, 1907
What are the prime factors of 203156?
2, 50789
What are the prime factors of 251510?
2, 5, 7, 3593
What are the prime factors of 3956837?
227, 17431
What are the prime factors of 94104?
2, 3, 1307
List the prime factors of 8893263.
3, 347, 8543
List the prime factors of 1877949.
3, 31, 53, 127
List the prime factors of 283758.
2, 3, 47293
List the prime factors of 216814.
2, 13, 31, 269
List the prime factors of 262417.
397, 661
What are the prime factors of 2985265?
5, 597053
What are the prime factors of 4272764?
2, 1068191
What are the prime factors of 1474675?
5, 61, 967
What are the prime factors of 15986837?
211, 75767
List the prime factors of 296807.
7, 109, 389
List the prime factors of 261519.
3, 179, 487
List the prime factors of 301436.
2, 179, 421
List the prime factors of 1787047.
307, 5821
List the prime factors of 2373302.
2, 17, 29, 83
List the prime factors of 146898.
2, 3, 8161
List the prime factors of 14401.
14401
What are the prime factors of 3269992?
2, 11, 37159
What are the prime factors of 1702473?
3, 461, 1231
List the prime factors of 795914.
2, 7, 139, 409
List the prime factors of 523284.
2, 3, 43607
What are the prime factors of 1145790?
2, 3, 5, 29, 439
List the prime factors of 13745.
5, 2749
What are the prime factors of 1283968?
2, 7, 1433
What are the prime factors of 12130384?
2, 7, 17, 23, 277
List the prime factors of 375295.
5, 47, 1597
What are the prime factors of 1487840?
2, 5, 17, 547
List the prime factors of 1463978.
2, 29, 43, 587
List the prime factors of 12517121.
2591, 4831
What are the prime factors of 1255025?
5, 17, 2953
What are the prime factors of 1946334?
2, 3, 13, 24953
List the prime factors of 3854411.
11, 59, 5939
List the prime factors of 1141534.
2, 131, 4357
What are the prime factors of 1100810?
2, 5, 31, 53, 67
List the prime factors of 1159161.
3, 47, 8221
List the prime factors of 532666.
2, 266333
List the prime factors of 406033.
47, 53, 163
What are the prime factors of 985847?
17, 57991
List the prime factors of 224929.
224929
What are the prime factors of 258635?
5, 13, 23, 173
What are the prime factors of 3494600?
2, 5, 101, 173
What are the prime factors of 6019552?
2, 7, 11, 349
List the prime factors of 39957271.
443, 90197
List the prime factors of 5927722.
2, 43, 68927
List the prime factors of 517943.
157, 3299
What are the prime factors of 1197230?
2, 5, 119723
List the prime factors of 743772.
2, 3, 61981
List the prime factors of 648644.
2, 31, 5231
What are the prime factors of 11275379?
19, 53, 11197
What are the prime factors of 1409672?
2, 11, 83, 193
List the prime factors of 2164135.
5, 419, 1033
What are the prime factors of 1238366?
2, 23, 26921
List the prime factors of 243569.
373, 653
What are the prime factors of 718912?
2, 47, 239
List the prime factors of 106074.
2, 3, 71, 83
List the prime factors of 982149.
3, 7, 46769
What are the prime factors of 16225633?
17, 641, 1489
What are the prime factors of 2492364?
2, 3, 7, 29671
List the prime factors of 6736019.
6736019
What are the prime factors of 199473?
3, 66491
What are the prime factors of 2105961?
3, 11, 13, 4909
What are the prime factors of 1389381?
3, 7, 66161
What are the prime factors of 1379520?
2, 3, 5, 479
What are the prime factors of 1234947?
3, 7, 31, 271
List the prime factors of 78138.
2, 3, 1447
List the prime factors of 95911.
95911
List the prime factors of 3276244.
2, 819061
What are the prime factors of 43570?
2, 5, 4357
List the prime factors of 144180.
2, 3, 5, 89
What are the prime factors of 282459?
3, 94153
List the prime factors of 1337502.
2, 3, 41, 5437
List the prime factors of 15862594.
2, 11, 23, 29, 47
List the prime factors of 3570771.
3, 139, 8563
List the prime factors of 3428952.
2, 3, 142873
What are the prime factors of 747441?
3, 19, 31, 47
List the prime factors of 1919540.
2, 5, 7, 13711
List the prime factors of 141672.
2, 3, 5903
List the prime factors of 292651.
311, 941
What are the prime factors of 13972280?
2, 5, 7, 139, 359
What are the prime factors of 204048?
2, 3, 13, 109
What are the prime factors of 3584951?
29, 123619
List the prime factors of 1891907.
1891907
What are the prime factors of 446800?
2, 5, 1117
What are the prime factors of 26555184?
2, 3, 29, 6359
What are the prime factors of 1222474?
2, 11, 181, 307
What are the prime factors of 1139738?
2, 569869
What are the prime factors of 3185606?
2, 659, 2417
What are the prime factors of 2654043?
3, 7, 47, 2689
List the prime factors of 9643788.
2, 3, 7, 11, 71
What are the prime factors of 371095?
5, 74219
What are the prime factors of 734155?
5, 359, 409
What are the prime factors of 40177986?
2, 3, 6696331
List the prime factors of 2973200.
2, 5, 7433
What are the prime factors of 482788?
2, 137, 881
List the prime factors of 872602.
2, 47, 9283
What are the prime factors of 240181?
461, 521
List the prime factors of 319078.
2, 159539
List the prime factors of 5849606.
2, 7, 19, 21991
What are the prime factors of 579467?
7, 82781
List the prime factors of 389478.
2, 3, 139, 467
List the prime factors of 606906.
2, 3, 11239
What are the prime factors of 4868538?
2, 3, 181, 4483
List the prime factors of 2602926.
2, 3, 41, 3527
List the prime factors of 307811.
7, 43973
What are the prime factors of 395022?
2, 3, 65837
List the prime factors of 498387.
3, 23, 31, 233
What are the prime factors of 3586158?
2, 3, 167, 1193
What are the prime factors of 3505466?
2, 251, 6983
What are the prime factors of 464179?
313, 1483
What are the prime factors of 25364084?
2, 829, 7649
List the prime factors of 305227.
13, 53, 443
List the prime factors of 66895.
5, 17, 787
What are the prime factors of 5751786?
2, 3, 193, 4967
List the prime factors of 141040.
2, 5, 41, 43
List the prime factors of 14388950.
2, 5, 41, 7019
What are the prime factors of 250679?
11, 13, 1753
List the prime factors of 3749530.
2, 5, 374953
List the prime factors of 2505833.
11, 107, 2129
What are the prime factors of 144494?
2, 7, 10321
What are the prime factors of 3582701?
31, 115571
List the prime factors of 704067.
3, 7, 13, 2579
List the prime factors of 18692585.
5, 37, 79, 1279
List the prime factors of 28118533.
3389, 8297
What are the prime factors of 9409?
97
What are the prime factors of 2772239?
2772239
List the prime factors of 108861.
3, 131, 277
What are the prime factors of 9474728?
2, 359, 3299
What are the prime factors of 8205934?
2, 11, 17, 37, 593
List the prime factors of 2702324.
2, 675581
List the prime factors of 1280866.
2, 19, 37, 911
List the prime factors of 494496.
2, 3, 17, 101
What are the prime factors of 2825421?
3, 317, 2971
List the prime factors of 4811.
17, 283
List the prime factors of 324554.
2, 162277
What are the prime factors of 72848?
2, 29, 157
List the prime factors of 6399361.
17, 31, 12143
List the prime factors of 3023705.
5, 17, 35573
List the prime factors of 3914508.
2, 3, 13, 23, 1091
List the prime factors of 19901451.
3, 2447, 2711
List the prime factors of 102965.
5, 20593
What are the prime factors of 131748?
2, 3, 10979
List the prime factors of 391101.
3, 130367
What are the prime factors of 200569?
200569
What are the prime factors of 3198497?
29, 53, 2081
What are the prime factors of 878745?
3, 5, 7, 8369
What are the prime factors of 9799427?
11, 109, 743
What are the prime factors of 217280?
2, 5, 7, 97
List the prime factors of 1955466.
2, 3, 108637
What are the prime factors of 11727930?
2, 3, 5, 23, 739
What are the prime factors of 708401?
281, 2521
What are the prime factors of 1047943?
13, 80611
What are the prime factors of 8142142?
2, 4071071
List the prime factors of 137891.
13, 10607
What are the prime factors of 8810722?
2, 29, 151909
List the prime factors of 15999856.
2, 17, 59, 997
What are the prime factors of 95877?
3, 53, 67
List the prime factors of 13650189.
3, 7, 19, 34211
List the prime factors of 11274315.
3, 5, 13, 17, 19, 179
List the prime factors of 5458342.
2, 619, 4409
List the prime factors of 6859914.
2, 3, 503, 2273
What are the prime factors of 236479?
236479
List the prime factors of 5587488.
2, 3, 29, 223
List th